{"id":5401,"date":"2020-06-11T10:21:08","date_gmt":"2020-06-11T10:21:08","guid":{"rendered":"https:\/\/www.jardinesdesabatini.com\/guest-reviews\/"},"modified":"2020-06-15T08:07:51","modified_gmt":"2020-06-15T08:07:51","slug":"opinioes-de-clientes","status":"publish","type":"page","link":"https:\/\/www.jardinesdesabatini.com\/pt\/apartamentos-hotel\/opinioes-de-clientes\/","title":{"rendered":"OPINI\u00d5ES DE CLIENTES"},"content":{"rendered":"<div class=\"block block--fit block--big\">\n<div class=\"container\">\n<header class=\"block-header block-header--border\">\n<h2 class=\"block-header__title\">SAIBA O QUE NOSSOS CLIENTES PENSAM<\/h2>\n<\/header>\n<article class=\"post align-center\">\n<p>Ouvimos los nossos clientes e esfor\u00e7amo-nos todos os dias para que fiquem satisfeitos com o nosso servi\u00e7o e atendimento personalizado e tenham uma agrad\u00e1vel lembran\u00e7a de sua estadia no Apartosuites Jardines de Sabatini.<\/p>\n<p>O nosso esfor\u00e7o \u00e9 recompensado pelos seus coment\u00e1rios, que nos mostram o caminho todos os dias e a forma em como podemos melhorar.<\/p>\n<\/article><\/div>\n<\/p><\/div>\n","protected":false},"excerpt":{"rendered":"<p>SAIBA O QUE NOSSOS CLIENTES PENSAM Ouvimos los nossos clientes e esfor\u00e7amo-nos todos os dias para que fiquem satisfeitos com o nosso servi\u00e7o e atendimento personalizado e tenham uma agrad\u00e1vel lembran\u00e7a de sua estadia no Apartosuites Jardines de Sabatini. O nosso esfor\u00e7o \u00e9 recompensado pelos seus coment\u00e1rios, que nos mostram o caminho todos os dias [&hellip;]<\/p>\n","protected":false},"author":1,"featured_media":5403,"parent":5496,"menu_order":0,"comment_status":"closed","ping_status":"closed","template":"template-aparthotel-opiniones.php","meta":{"_joinchat":[]},"yoast_head":"<!-- This site is optimized with the Yoast SEO plugin v20.13 - https:\/\/yoast.com\/wordpress\/plugins\/seo\/ -->\n<title>OPINI\u00d5ES DE CLIENTES |<\/title>\n<meta name=\"robots\" content=\"index, follow, max-snippet:-1, max-image-preview:large, max-video-preview:-1\" \/>\n<link rel=\"canonical\" href=\"https:\/\/www.jardinesdesabatini.com\/pt\/apartamentos-hotel\/opinioes-de-clientes\/\" \/>\n<meta property=\"og:locale\" content=\"pt_PT\" \/>\n<meta property=\"og:type\" content=\"article\" \/>\n<meta property=\"og:title\" content=\"OPINI\u00d5ES DE CLIENTES |\" \/>\n<meta property=\"og:description\" content=\"SAIBA O QUE NOSSOS CLIENTES PENSAM Ouvimos los nossos clientes e esfor\u00e7amo-nos todos os dias para que fiquem satisfeitos com o nosso servi\u00e7o e atendimento personalizado e tenham uma agrad\u00e1vel lembran\u00e7a de sua estadia no Apartosuites Jardines de Sabatini. O nosso esfor\u00e7o \u00e9 recompensado pelos seus coment\u00e1rios, que nos mostram o caminho todos os dias [&hellip;]\" \/>\n<meta property=\"og:url\" content=\"https:\/\/www.jardinesdesabatini.com\/pt\/apartamentos-hotel\/opinioes-de-clientes\/\" \/>\n<meta property=\"article:publisher\" content=\"https:\/\/www.facebook.com\/HotelJardinesDeSabatini\/\" \/>\n<meta property=\"article:modified_time\" content=\"2020-06-15T08:07:51+00:00\" \/>\n<meta property=\"og:image\" content=\"https:\/\/www.jardinesdesabatini.com\/wp-content\/uploads\/2016\/11\/header-reviews-1.jpg\" \/>\n\t<meta property=\"og:image:width\" content=\"1920\" \/>\n\t<meta property=\"og:image:height\" content=\"700\" \/>\n\t<meta property=\"og:image:type\" content=\"image\/jpeg\" \/>\n<meta name=\"twitter:card\" content=\"summary_large_image\" \/>\n<script type=\"application\/ld+json\" class=\"yoast-schema-graph\">{\"@context\":\"https:\/\/schema.org\",\"@graph\":[{\"@type\":\"WebPage\",\"@id\":\"https:\/\/www.jardinesdesabatini.com\/pt\/apartamentos-hotel\/opinioes-de-clientes\/\",\"url\":\"https:\/\/www.jardinesdesabatini.com\/pt\/apartamentos-hotel\/opinioes-de-clientes\/\",\"name\":\"OPINI\u00d5ES DE CLIENTES |\",\"isPartOf\":{\"@id\":\"https:\/\/www.jardinesdesabatini.com\/en\/#website\"},\"datePublished\":\"2020-06-11T10:21:08+00:00\",\"dateModified\":\"2020-06-15T08:07:51+00:00\",\"breadcrumb\":{\"@id\":\"https:\/\/www.jardinesdesabatini.com\/pt\/apartamentos-hotel\/opinioes-de-clientes\/#breadcrumb\"},\"inLanguage\":\"pt\",\"potentialAction\":[{\"@type\":\"ReadAction\",\"target\":[\"https:\/\/www.jardinesdesabatini.com\/pt\/apartamentos-hotel\/opinioes-de-clientes\/\"]}]},{\"@type\":\"BreadcrumbList\",\"@id\":\"https:\/\/www.jardinesdesabatini.com\/pt\/apartamentos-hotel\/opinioes-de-clientes\/#breadcrumb\",\"itemListElement\":[{\"@type\":\"ListItem\",\"position\":1,\"name\":\"Portada\",\"item\":\"https:\/\/www.jardinesdesabatini.com\/pt\/\"},{\"@type\":\"ListItem\",\"position\":2,\"name\":\"Apartamentos &#038; Hotel\",\"item\":\"https:\/\/www.jardinesdesabatini.com\/pt\/apartamentos-hotel\/\"},{\"@type\":\"ListItem\",\"position\":3,\"name\":\"OPINI\u00d5ES DE CLIENTES\"}]},{\"@type\":\"WebSite\",\"@id\":\"https:\/\/www.jardinesdesabatini.com\/en\/#website\",\"url\":\"https:\/\/www.jardinesdesabatini.com\/en\/\",\"name\":\"\",\"description\":\"Alojamiento en Madrid\",\"publisher\":{\"@id\":\"https:\/\/www.jardinesdesabatini.com\/en\/#organization\"},\"potentialAction\":[{\"@type\":\"SearchAction\",\"target\":{\"@type\":\"EntryPoint\",\"urlTemplate\":\"https:\/\/www.jardinesdesabatini.com\/en\/?s={search_term_string}\"},\"query-input\":\"required name=search_term_string\"}],\"inLanguage\":\"pt\"},{\"@type\":\"Organization\",\"@id\":\"https:\/\/www.jardinesdesabatini.com\/en\/#organization\",\"name\":\"Jardines de Sabatini Apartosuites\",\"url\":\"https:\/\/www.jardinesdesabatini.com\/en\/\",\"logo\":{\"@type\":\"ImageObject\",\"inLanguage\":\"pt\",\"@id\":\"https:\/\/www.jardinesdesabatini.com\/en\/#\/schema\/logo\/image\/\",\"url\":\"https:\/\/www.jardinesdesabatini.com\/wp-content\/uploads\/2016\/11\/Logo-Verde.png\",\"contentUrl\":\"https:\/\/www.jardinesdesabatini.com\/wp-content\/uploads\/2016\/11\/Logo-Verde.png\",\"width\":500,\"height\":310,\"caption\":\"Jardines de Sabatini Apartosuites\"},\"image\":{\"@id\":\"https:\/\/www.jardinesdesabatini.com\/en\/#\/schema\/logo\/image\/\"},\"sameAs\":[\"https:\/\/www.facebook.com\/HotelJardinesDeSabatini\/\",\"https:\/\/www.instagram.com\/hotelsabatini\/\",\"https:\/\/www.linkedin.com\/company\/apartosuites-jardines-de-sabatini\",\"https:\/\/www.youtube.com\/user\/ApartosuitesJdeS\"]}]}<\/script>\n<!-- \/ Yoast SEO plugin. -->","yoast_head_json":{"title":"OPINI\u00d5ES DE CLIENTES |","robots":{"index":"index","follow":"follow","max-snippet":"max-snippet:-1","max-image-preview":"max-image-preview:large","max-video-preview":"max-video-preview:-1"},"canonical":"https:\/\/www.jardinesdesabatini.com\/pt\/apartamentos-hotel\/opinioes-de-clientes\/","og_locale":"pt_PT","og_type":"article","og_title":"OPINI\u00d5ES DE CLIENTES |","og_description":"SAIBA O QUE NOSSOS CLIENTES PENSAM Ouvimos los nossos clientes e esfor\u00e7amo-nos todos os dias para que fiquem satisfeitos com o nosso servi\u00e7o e atendimento personalizado e tenham uma agrad\u00e1vel lembran\u00e7a de sua estadia no Apartosuites Jardines de Sabatini. O nosso esfor\u00e7o \u00e9 recompensado pelos seus coment\u00e1rios, que nos mostram o caminho todos os dias [&hellip;]","og_url":"https:\/\/www.jardinesdesabatini.com\/pt\/apartamentos-hotel\/opinioes-de-clientes\/","article_publisher":"https:\/\/www.facebook.com\/HotelJardinesDeSabatini\/","article_modified_time":"2020-06-15T08:07:51+00:00","og_image":[{"width":1920,"height":700,"url":"https:\/\/www.jardinesdesabatini.com\/wp-content\/uploads\/2016\/11\/header-reviews-1.jpg","type":"image\/jpeg"}],"twitter_card":"summary_large_image","schema":{"@context":"https:\/\/schema.org","@graph":[{"@type":"WebPage","@id":"https:\/\/www.jardinesdesabatini.com\/pt\/apartamentos-hotel\/opinioes-de-clientes\/","url":"https:\/\/www.jardinesdesabatini.com\/pt\/apartamentos-hotel\/opinioes-de-clientes\/","name":"OPINI\u00d5ES DE CLIENTES |","isPartOf":{"@id":"https:\/\/www.jardinesdesabatini.com\/en\/#website"},"datePublished":"2020-06-11T10:21:08+00:00","dateModified":"2020-06-15T08:07:51+00:00","breadcrumb":{"@id":"https:\/\/www.jardinesdesabatini.com\/pt\/apartamentos-hotel\/opinioes-de-clientes\/#breadcrumb"},"inLanguage":"pt","potentialAction":[{"@type":"ReadAction","target":["https:\/\/www.jardinesdesabatini.com\/pt\/apartamentos-hotel\/opinioes-de-clientes\/"]}]},{"@type":"BreadcrumbList","@id":"https:\/\/www.jardinesdesabatini.com\/pt\/apartamentos-hotel\/opinioes-de-clientes\/#breadcrumb","itemListElement":[{"@type":"ListItem","position":1,"name":"Portada","item":"https:\/\/www.jardinesdesabatini.com\/pt\/"},{"@type":"ListItem","position":2,"name":"Apartamentos &#038; Hotel","item":"https:\/\/www.jardinesdesabatini.com\/pt\/apartamentos-hotel\/"},{"@type":"ListItem","position":3,"name":"OPINI\u00d5ES DE CLIENTES"}]},{"@type":"WebSite","@id":"https:\/\/www.jardinesdesabatini.com\/en\/#website","url":"https:\/\/www.jardinesdesabatini.com\/en\/","name":"","description":"Alojamiento en Madrid","publisher":{"@id":"https:\/\/www.jardinesdesabatini.com\/en\/#organization"},"potentialAction":[{"@type":"SearchAction","target":{"@type":"EntryPoint","urlTemplate":"https:\/\/www.jardinesdesabatini.com\/en\/?s={search_term_string}"},"query-input":"required name=search_term_string"}],"inLanguage":"pt"},{"@type":"Organization","@id":"https:\/\/www.jardinesdesabatini.com\/en\/#organization","name":"Jardines de Sabatini Apartosuites","url":"https:\/\/www.jardinesdesabatini.com\/en\/","logo":{"@type":"ImageObject","inLanguage":"pt","@id":"https:\/\/www.jardinesdesabatini.com\/en\/#\/schema\/logo\/image\/","url":"https:\/\/www.jardinesdesabatini.com\/wp-content\/uploads\/2016\/11\/Logo-Verde.png","contentUrl":"https:\/\/www.jardinesdesabatini.com\/wp-content\/uploads\/2016\/11\/Logo-Verde.png","width":500,"height":310,"caption":"Jardines de Sabatini Apartosuites"},"image":{"@id":"https:\/\/www.jardinesdesabatini.com\/en\/#\/schema\/logo\/image\/"},"sameAs":["https:\/\/www.facebook.com\/HotelJardinesDeSabatini\/","https:\/\/www.instagram.com\/hotelsabatini\/","https:\/\/www.linkedin.com\/company\/apartosuites-jardines-de-sabatini","https:\/\/www.youtube.com\/user\/ApartosuitesJdeS"]}]}},"_links":{"self":[{"href":"https:\/\/www.jardinesdesabatini.com\/pt\/wp-json\/wp\/v2\/pages\/5401"}],"collection":[{"href":"https:\/\/www.jardinesdesabatini.com\/pt\/wp-json\/wp\/v2\/pages"}],"about":[{"href":"https:\/\/www.jardinesdesabatini.com\/pt\/wp-json\/wp\/v2\/types\/page"}],"author":[{"embeddable":true,"href":"https:\/\/www.jardinesdesabatini.com\/pt\/wp-json\/wp\/v2\/users\/1"}],"replies":[{"embeddable":true,"href":"https:\/\/www.jardinesdesabatini.com\/pt\/wp-json\/wp\/v2\/comments?post=5401"}],"version-history":[{"count":2,"href":"https:\/\/www.jardinesdesabatini.com\/pt\/wp-json\/wp\/v2\/pages\/5401\/revisions"}],"predecessor-version":[{"id":5437,"href":"https:\/\/www.jardinesdesabatini.com\/pt\/wp-json\/wp\/v2\/pages\/5401\/revisions\/5437"}],"up":[{"embeddable":true,"href":"https:\/\/www.jardinesdesabatini.com\/pt\/wp-json\/wp\/v2\/pages\/5496"}],"wp:featuredmedia":[{"embeddable":true,"href":"https:\/\/www.jardinesdesabatini.com\/pt\/wp-json\/wp\/v2\/media\/5403"}],"wp:attachment":[{"href":"https:\/\/www.jardinesdesabatini.com\/pt\/wp-json\/wp\/v2\/media?parent=5401"}],"curies":[{"name":"wp","href":"https:\/\/api.w.org\/{rel}","templated":true}]}}

OPINIÕES DE CLIENTES

<div class="block block--fit block--big">
<div class="container">
<header class="block-header block-header--border">
<h2 class="block-header__title">SAIBA O QUE NOSSOS CLIENTES PENSAM</h2>
</header>
<article class="post align-center">
<p>Ouvimos los nossos clientes e esforçamo-nos todos os dias para que fiquem satisfeitos com o nosso serviço e atendimento personalizado e tenham uma agradável lembrança de sua estadia no Apartosuites Jardines de Sabatini.</p>
<p>O nosso esforço é recompensado pelos seus comentários, que nos mostram o caminho todos os dias e a forma em como podemos melhorar.</p>
</article></div>
</p></div>

<p>SAIBA O QUE NOSSOS CLIENTES PENSAM Ouvimos los nossos clientes e esforçamo-nos todos os dias para que fiquem satisfeitos com o nosso serviço e atendimento personalizado e tenham uma agradável lembrança de sua estadia no Apartosuites Jardines de Sabatini. O nosso esforço é recompensado pelos seus comentários, que nos mostram o caminho todos os dias [&hellip;]</p>

<!-- This site is optimized with the Yoast SEO plugin v20.13 - https://yoast.com/wordpress/plugins/seo/ -->
<title>OPINIÕES DE CLIENTES |</title>
<meta name="robots" content="index, follow, max-snippet:-1, max-image-preview:large, max-video-preview:-1" />
<link rel="canonical" href="https://www.jardinesdesabatini.com/pt/apartamentos-hotel/opinioes-de-clientes/" />
<meta property="og:locale" content="pt_PT" />
<meta property="og:type" content="article" />
<meta property="og:title" content="OPINIÕES DE CLIENTES |" />
<meta property="og:description" content="SAIBA O QUE NOSSOS CLIENTES PENSAM Ouvimos los nossos clientes e esforçamo-nos todos os dias para que fiquem satisfeitos com o nosso serviço e atendimento personalizado e tenham uma agradável lembrança de sua estadia no Apartosuites Jardines de Sabatini. O nosso esforço é recompensado pelos seus comentários, que nos mostram o caminho todos os dias [&hellip;]" />
<meta property="og:url" content="https://www.jardinesdesabatini.com/pt/apartamentos-hotel/opinioes-de-clientes/" />
<meta property="article:publisher" content="https://www.facebook.com/HotelJardinesDeSabatini/" />
<meta property="article:modified_time" content="2020-06-15T08:07:51+00:00" />
<meta property="og:image" content="https://www.jardinesdesabatini.com/wp-content/uploads/2016/11/header-reviews-1.jpg" />
	<meta property="og:image:width" content="1920" />
	<meta property="og:image:height" content="700" />
	<meta property="og:image:type" content="image/jpeg" />
<meta name="twitter:card" content="summary_large_image" />
<script type="application/ld+json" class="yoast-schema-graph">{"@context":"https://schema.org","@graph":[{"@type":"WebPage","@id":"https://www.jardinesdesabatini.com/pt/apartamentos-hotel/opinioes-de-clientes/","url":"https://www.jardinesdesabatini.com/pt/apartamentos-hotel/opinioes-de-clientes/","name":"OPINIÕES DE CLIENTES |","isPartOf":{"@id":"https://www.jardinesdesabatini.com/en/#website"},"datePublished":"2020-06-11T10:21:08+00:00","dateModified":"2020-06-15T08:07:51+00:00","breadcrumb":{"@id":"https://www.jardinesdesabatini.com/pt/apartamentos-hotel/opinioes-de-clientes/#breadcrumb"},"inLanguage":"pt","potentialAction":[{"@type":"ReadAction","target":["https://www.jardinesdesabatini.com/pt/apartamentos-hotel/opinioes-de-clientes/"]}]},{"@type":"BreadcrumbList","@id":"https://www.jardinesdesabatini.com/pt/apartamentos-hotel/opinioes-de-clientes/#breadcrumb","itemListElement":[{"@type":"ListItem","position":1,"name":"Portada","item":"https://www.jardinesdesabatini.com/pt/"},{"@type":"ListItem","position":2,"name":"Apartamentos &#038; Hotel","item":"https://www.jardinesdesabatini.com/pt/apartamentos-hotel/"},{"@type":"ListItem","position":3,"name":"OPINIÕES DE CLIENTES"}]},{"@type":"WebSite","@id":"https://www.jardinesdesabatini.com/en/#website","url":"https://www.jardinesdesabatini.com/en/","name":"","description":"Alojamiento en Madrid","publisher":{"@id":"https://www.jardinesdesabatini.com/en/#organization"},"potentialAction":[{"@type":"SearchAction","target":{"@type":"EntryPoint","urlTemplate":"https://www.jardinesdesabatini.com/en/?s={search_term_string}"},"query-input":"required name=search_term_string"}],"inLanguage":"pt"},{"@type":"Organization","@id":"https://www.jardinesdesabatini.com/en/#organization","name":"Jardines de Sabatini Apartosuites","url":"https://www.jardinesdesabatini.com/en/","logo":{"@type":"ImageObject","inLanguage":"pt","@id":"https://www.jardinesdesabatini.com/en/#/schema/logo/image/","url":"https://www.jardinesdesabatini.com/wp-content/uploads/2016/11/Logo-Verde.png","contentUrl":"https://www.jardinesdesabatini.com/wp-content/uploads/2016/11/Logo-Verde.png","width":500,"height":310,"caption":"Jardines de Sabatini Apartosuites"},"image":{"@id":"https://www.jardinesdesabatini.com/en/#/schema/logo/image/"},"sameAs":["https://www.facebook.com/HotelJardinesDeSabatini/","https://www.instagram.com/hotelsabatini/","https://www.linkedin.com/company/apartosuites-jardines-de-sabatini","https://www.youtube.com/user/ApartosuitesJdeS"]}]}</script>
<!-- / Yoast SEO plugin. -->

OPINIÕES DE CLIENTES |

SAIBA O QUE NOSSOS CLIENTES PENSAM Ouvimos los nossos clientes e esforçamo-nos todos os dias para que fiquem satisfeitos com o nosso serviço e atendimento personalizado e tenham uma agradável lembrança de sua estadia no Apartosuites Jardines de Sabatini. O nosso esforço é recompensado pelos seus comentários, que nos mostram o caminho todos os dias [&hellip;]
